rime factors of v?
11
Let g = -320 - -377. List the prime factors of g.
3, 19
Let y(j) = -636*j - 43. What are the prime factors of y(-1)?
593
Let r be 1/(16/(-12))*4. Let h be (r/1)/(9/(-12)). Suppose 4*w = -w - 2*y + 55, 3*w = -h*y + 33. List the prime factors of w.
11
Suppose 2*i - 20 = -2*i. Suppose q = i*q. Suppose u - k - 11 = q, -4*u - 1 = -2*k - 53. List the prime factors of u.
3, 5
Let q(c) = 10*c**2 - 3*c + 2. Let z be q(2). Let u = 32 + -35. What are the prime factors of (u/(-3))/(1/z)?
2, 3
List the prime factors of 973*(7 + (-7 - -1)).
7, 139
Suppose 2*f - 4*c = 920, -2*c - 245 = -5*f + 2047. What are the prime factors of f?
2, 229
Suppose -5*w = -4*l - 1637 - 2090, 5*l = 5*w - 3725. What are the prime factors of w?
3, 83
Suppose -3*o + 14 = -o. Let a(m) = m + 10. What are the prime factors of a(o)?
17
Suppose -34*t - 6663 = -30701. List the prime factors of t.
7, 101
Let n be ((-5)/25 - (-1572)/10) + -3. Suppose -34*o - n = -36*o. List the prime factors of o.
7, 11
What are the prime factors of 12/10 - 3180904/(-680)?
4679
Suppose 0 = -4*v + 4 + 12. Suppose 3*m = -v*w - 5, -4*w + 20 = -5*m + 1. Let n(u) = 11*u - 1. What are the prime factors of n(w)?
2, 5
Let r = 41 - 25. Suppose 3*f + r - 4 = 0. List the prime factors of -7*(-1)/((-1)/f).
2, 7
Let v(l) = -l + 9. Let d(p) = -p**3 + 13*p**2 - 10*p - 17. Let b be d(12). Let y be v(b). Suppose y*q - 23 - 39 = 0. What are the prime factors of q?
31
Let o(a) = -8*a + 5. Let x be o(-4). Let g = -260 + 349. Let p = g - x. What are the prime factors of p?
2, 13
Let h be (-390)/(-5) - (-1 + 2). Let t be 0 - (2/(-1) - h). Suppose 5*f = t + 166. List the prime factors of f.
7
Suppose 2*o + 11 - 3 = 0. Let w be (-37)/o - 9/36. Suppose 3*h = -3*p + 27, -2*h + p = -w - 0. List the prime factors of h.
2, 3
Let t = -17 + 17. Suppose h = -t*h. Let z = 8 - h. List the prime factors of z.
2
What are the prime factors of -2 - (-19)/((-114)/(-9450))?
11, 13
Suppose 38090 = 51*m - 38*m. List the prime factors of m.
2, 5, 293
Let g(h) = h - 2. Let c be g(2). Let r(k) = -11*k - 5 + 2*k**3 - k**3 + c*k**3 - 6*k**2. List the prime factors of r(8).
5, 7
Let g = -3 + 5. Let y(r) = -r**2 - r - 1. Let j(n) = -2*n**2 - n - 5. Let v(k) = j(k) - 4*y(k). List the prime factors of v(g).
13
What are the prime factors of (-1 + (5 - 0))*87975/204?
3, 5, 23
What are the prime factors of (-8168)/(-18) + 8/36?
2, 227
Suppose 4*r + 2*a - 1746 = 0, 3*r + 5*a = 232 + 1088. What are the prime factors of r?
3, 5, 29
Suppose 3*t + t = 160. Let p = t + 1. List the prime factors of p.
41
Suppose -811 = 2*j - 2227. What are the prime factors of j?
2, 3, 59
Suppose 41 = 5*l - 2369. Suppose l = 10*b - 278. What are the prime factors of b?
2, 19
Let b be -2 - -3*(-40)/(-12). Suppose b*v - 9 = 5*v. Let w(z) = 3*z**2 - 2*z + 2. What are the prime factors of w(v)?
23
Let s(f) = 12*f**2 - 36*f**2 + 28 - f**3 + 3 - 5*f. What are the prime factors of s(-24)?
151
Let c be 42/56 + (-61)/(-4). Let r(j) = 12 + 13*j - c*j + 10*j. What are the prime factors of r(5)?
47
Let l(x) = -4*x + 21. Let o be l(6). List the prime factors of (1/o)/(2/(-84)).
2, 7
Suppose 6*y = -0*y + 3072. List the prime factors of y.
2
Suppose -2*t - 4*j - 38 = 0, -5*t + j - 81 - 47 = 0. List the prime factors of 35/(-20)*(t + -3).
7
Let f(m) = -m**3 + 14*m**2 - m + 16. Suppose -2*t - 3*t = -70. Let n be f(t). Suppose -65 = -3*p - n*p. What are the prime factors of p?
13
Suppose -5*s - 2*t = 3*t + 5, 2*s - 5*t = 19. Let n = 11 - s. What are the prime factors of n?
3
Suppose 556 = 2*a + 4*m, 2*a = -3*a + m + 1368. What are the prime factors of a?
2, 137
Let z(i) = 9*i**3 + 2*i**2 - 3*i - 1. Let q be z(3). Suppose -k = 3*d - q, 2*d - 4*k = d + 75. List the prime factors of d.
83
Let f be ((-4)/14)/((-4)/28). Suppose 3*l + 5*y + 1 = 0, -2*l - 2*l + 16 = -f*y. Suppose 3*k = k + 10, -k = l*u - 116. List the prime factors of u.
37
Let t = 195 + 434. What are the prime factors of t?
17, 37
Let q(t) = 10*t**3 + 14*t**2 - 38*t - 61. Let i(o) = 3*o**3 + 5*o**2 - 13*o - 20. Let h(l) = -7*i(l) + 2*q(l). What are the prime factors of h(-9)?
3, 5
Let s(a) = 12*a**2 - 6*a - 6. Let g be s(6). Suppose -5*d + g = -0*d. What are the prime factors of d?
2, 3, 13
Suppose -7 - 91 = -2*q. Let b(t) = 2*t - 1. Let v be b(11). Suppose 3*l + 2*l = -f + v, q = 5*f - 3*l. What are the prime factors of f?
11
Let d be 0 + 0 + 0/(-8). Suppose 0 = 2*o - d*o - 34. Suppose -3*t = -5*y + 108 + o, 0 = 3*y + 5*t - 41. List the prime factors of y.
2, 11
What are the prime factors of (-851)/296 + 1/(-8) + 1438?
5, 7, 41
Let a = -1518 + 2828. What are the prime factors of a?
2, 5, 131
Let x(t) = 899*t**3 + 2*t + 1. Let l be x(-1). What are the prime factors of (12/(-30))/(3/l)?
2, 3, 5
Let a(b) = b**3 - 4*b**2 + 3*b + 4. Let c be 0 + 28 - 6/2. Suppose -d - c = -28. What are the prime factors of a(d)?
2
Suppose a - 37 = 41. Let v = a - 26. What are the prime factors of v?
2, 13
Suppose -3*t = -3*z - 3, 5*t = 2*z + 5 + 6. Suppose t*a + 10 = w + a, 0 = -4*w + a + 19. Let s(f) = 7*f - 2. List the prime factors of s(w).
2, 13
Let j be (-210)/(-50) + (-2)/10. Suppose 5*s + n + 4*n = 35, 2*n - 8 = 0. Suppose 2*w - s*b + 8 + 3 = 0, -3*w = -j*b + 14. What are the prime factors of w?
2
Suppose -2*d + 5 = -5. Suppose 3*x + 3*g - 36 = 0, -d = x - 5*g + 13. List the prime factors of (-10 - -8)*(-1 - x).
2
Suppose 0 = 5*g + 69 - 379. Let h = g - 44. List the prime factors of h.
2, 3
Let i = 142 - 63. List the prime factors of i.
79
Let x(h) be the first derivative of h**2/2 + 4*h - 1. Let q be x(-4). Let t = 21 + q. List the prime factors of t.
3, 7
Suppose 3*n + 4 = -2. Let s(z) = -27*z - 6. What are the prime factors of s(n)?
2, 3
Let j(x) = -x**2 + 6*x + 16. Let d(u) = u**2 + 5*u + 2. Let t be d(-6). Let r be j(t). List the prime factors of (-80)/(-4) - (r + -3).
23
Let p(m) = 373*m**3 - 8*m**2 - m - 2. List the prime factors of p(2).
2, 11, 67
Let f = 2347 + 1143. List the prime factors of f.
2, 5, 349
List the prime factors of ((-17)/((-204)/(-304)))/((-2)/87).
2, 19, 29
Let y = 3120 - 2211. List the prime factors of y.
3, 101
Suppose 0 = -4*f, 0 = 2*z + 4*f + 7 + 65. Let a = 22 + z. What are the prime factors of a*(30/14 - 3)?
2, 3
Let j = 315 + 6. What are the prime factors of j?
3, 107
Suppose 2*o = f - o + 104, -4*f = o + 442. Let h = 213 + f. What are the prime factors of h?
103
Let t = 6 - 2. Suppose 5*x + 6 = -3*m, 12 = 4*m + x + 3. Suppose 0*j - 127 = -5*l - 4*j, m*j - 102 = -t*l. List the prime factors of l.
3
Let z(r) = -r**3 - 13*r**2 - 12*r + 2. Let n be z(-12). Suppose 3*c + 84 = n*v + 7, 40 = v - 2*c. List the prime factors of v.
2, 17
Suppose 2*u - 2*y = 4*u - 20, -4*u = -2*y - 10. Suppose 0 = u*q - 0*q + 65. Let m = 16 + q. What are the prime factors of m?
3
Let d(z) = -z**2 - 9*z + 3. Let i be d(-9). Let m(a) be the third derivative of a**5/30 - a**3/3 - a**2. List the prime factors of m(i).
2
Let n(b) = -84*b**3 + 13*b**2 + 8*b - 6. What are the prime factors of n(-4)?
2, 47, 59
Let k(a) = a - 5. Let m be k(11). Suppose 0 = -m*l + 11*l - 640. What are the prime factors of l?
2
Suppose -13*y = -14*y + 1. Suppose -y - 34 = -s. List the prime factors of s.
5, 7
Let r be (-8)/(-52) + 840/(-52). Let j = -14 - r. Suppose q = j*q - 10. What are the prime factors of q?
2, 5
Let u(j) = -j**2 - 5*j - 3. Let m be u(-5). Let x = 35 + m. What are the prime factors of x?
2
Let x be ((-4)/3)/(-2) - (-1012)/12. Let k = x - 0. What are the prime factors of k?
5, 17
Suppose 2*a = -3*g + 2*g + 1724, -5*g = -10. What are the prime factors of a?
3, 7, 41
What are the prime factors of (-4)/7*-14 + 485?
17, 29
Let n(u) = -2*u**3 + u**2 + 10*u + 3. Let c be n(-5). Let k = c - 153. List the prime factors of k.
3, 5
Let b(k) = k**3 - 6*k**2 - 3*k - 9. Suppose 3*g - 4*g + 16 = -3*n, 0 = -4*g - 5*n + 13. List the prime factors of b(g).
19
Let g = 22 - -11. Suppose -b + 79 = -g. Suppose 4*n + 0*n = b. What are the prime factors of n?
2, 7
Suppose 10 = v + v. Suppose -192 = s - v*s. List the prime factors of s.
2, 3
Suppose -61 = -4*d + 15. List the prime factors of d.
19
Let t(h) = 2*h**2 - 5*h + 2. Suppose 2*n + 5*p + 2 - 8 = 0, -12 = -3*p. Let o = -1 - n. List the prime factors of t(o).
2, 11
Suppose 18 = 4*m + 3*l, 2*m + 